{"id":487,"date":"2021-11-05T08:03:12","date_gmt":"2021-11-05T06:03:12","guid":{"rendered":"http:\/\/popolitov.sillamae-muuseum.ee\/?page_id=487"},"modified":"2021-11-05T08:16:18","modified_gmt":"2021-11-05T06:16:18","slug":"avaleht-2","status":"publish","type":"page","link":"http:\/\/popolitov.sillamae-muuseum.ee\/?page_id=487&lang=et","title":{"rendered":"Avaleht"},"content":{"rendered":"[et_pb_section fb_built=&#8221;1&#8243; _builder_version=&#8221;4.11.2&#8243; _module_preset=&#8221;default&#8221; global_colors_info=&#8221;{}&#8221;][et_pb_row column_structure=&#8221;2_5,3_5&#8243; _builder_version=&#8221;4.11.2&#8243; _module_preset=&#8221;default&#8221; global_colors_info=&#8221;{}&#8221;][et_pb_column type=&#8221;2_5&#8243; _builder_version=&#8221;4.11.2&#8243; _module_preset=&#8221;default&#8221; global_colors_info=&#8221;{}&#8221;][et_pb_image src=&#8221;http:\/\/popolitov.sillamae-muuseum.ee\/wp-content\/uploads\/2021\/10\/12-1.jpg&#8221; title_text=&#8221;12-1&#8243; _builder_version=&#8221;4.11.2&#8243; _module_preset=&#8221;default&#8221; global_colors_info=&#8221;{}&#8221;][\/et_pb_image][et_pb_text _builder_version=&#8221;4.11.2&#8243; _module_preset=&#8221;default&#8221; global_colors_info=&#8221;{}&#8221;]\n<h3 style=\"text-align: center;\">1946 \u2013 2021<\/h3>\n[\/et_pb_text][\/et_pb_column][et_pb_column type=&#8221;3_5&#8243; _builder_version=&#8221;4.11.2&#8243; _module_preset=&#8221;default&#8221; global_colors_info=&#8221;{}&#8221;][et_pb_text _builder_version=&#8221;4.13.0&#8243; _module_preset=&#8221;default&#8221; hover_enabled=&#8221;0&#8243; global_colors_info=&#8221;{}&#8221; sticky_enabled=&#8221;0&#8243;]\n<h1 class=\"p1\"><span class=\"s1\"><b>A. Popolitovi elu kronoloogia<\/b><\/span><\/h1>\n<p class=\"p1\"><b>1946<br \/><\/b>S\u00fcndis 20. veebruaril Morozovo alevikus Vsevol\u017eski rajoonis Leningradi oblastis<\/p>\n<p class=\"p1\"><b>1947<br \/><\/b>Perekond kolis Eestisse Toila-Oru alevikku<\/p>\n<p class=\"p1\"><b>1961<br \/><\/b>Alustas t\u00f6\u00f6d Sillam\u00e4el p\u00f5levkivikeemiatehase kunsti-k\u00ad\u00ad\u00adujundust\u00f6\u00f6kojas<span class=\"Apple-converted-space\">\u00a0<\/span><\/p>\n<p class=\"p1\"><b>1965<br \/><\/b>Astus Abramtsevo kunstt\u00f6\u00f6stuskooli<\/p>\n<p class=\"p1\"><b>1965 \u2013 1968<br \/><\/b>S\u00f5jav\u00e4eteenistus<\/p>\n<p class=\"p1\"><b>1969 &#8211; 1986<br \/><\/b>Abielu Tatjana T\u0161ernovaga<\/p>\n<p class=\"p1\"><b>1969<br \/><\/b>S\u00fcndis poeg Dmitri<\/p>\n<p class=\"p1\"><b>1972<br \/><\/b>L\u00f5petas Abramtsevo kunstt\u00f6\u00f6stuskooli<\/p>\n<p class=\"p1\"><b>1972<br \/><\/b>Idee luua linnas muuseum oli k\u00fcpsenud, oli kogutud materjali ja eksponaate Sillam\u00e4e linna ajaloo kohta<\/p>\n<p class=\"p1\"><b>1981<br \/><\/b>Esimene reis m\u00e4gedesse<\/p>\n<p class=\"p1\"><b>1987<br \/><\/b>Abiellus Nade\u017eda Kulikovaga (Gonohovaga)<\/p>\n<p class=\"p1\"><b>1989<br \/><\/b>S\u00fcndis t\u00fctar Darja<\/p>\n<p class=\"p1\"><b>1995<br \/><\/b>Alustas t\u00f6\u00f6d Sillam\u00e4e muuseumihoidjana, kus t\u00f6\u00f6tas elu l\u00f5puni, kogus linna kohta ajaloolist materjali, tegi haridust\u00f6\u00f6d, osales kunstnike r\u00fchmituse \u201eAprill\u201c loomeelus<\/p>\n<p class=\"p1\"><b>2012<br \/><\/b>Sai Sillam\u00e4e linna aukodanikuks<\/p>\n<p class=\"p1\"><b>2021<br \/><\/b>Kinkis oma mineraalide erakogu Sillam\u00e4e linnale<\/p>\n<p class=\"p1\"><b>2021<br \/><\/b>Sai Eesti Kultuurkapitalilt elut\u00f6\u00f6preemia<span class=\"Apple-converted-space\">\u00a0<\/span><\/p>\n<p class=\"p1\"><b>2021<br \/><\/b>Suri 22. veebruaril s\u00fcdamepuudulikkusesse. Maetud Sinim\u00e4e kalmistule<\/p>\n[\/et_pb_text][\/et_pb_column][\/et_pb_row][\/et_pb_section]\n","protected":false},"excerpt":{"rendered":"<p>1946 \u2013 2021A. Popolitovi elu kronoloogia 1946S\u00fcndis 20. veebruaril Morozovo alevikus Vsevol\u017eski rajoonis Leningradi oblastis 1947Perekond kolis Eestisse Toila-Oru alevikku 1961Alustas t\u00f6\u00f6d Sillam\u00e4el p\u00f5levkivikeemiatehase kunsti-k\u00ad\u00ad\u00adujundust\u00f6\u00f6kojas\u00a0 1965Astus Abramtsevo kunstt\u00f6\u00f6stuskooli 1965 \u2013 1968S\u00f5jav\u00e4eteenistus 1969 &#8211; 1986Abielu Tatjana T\u0161ernovaga 1969S\u00fcndis poeg Dmitri 1972L\u00f5petas Abramtsevo kunstt\u00f6\u00f6stuskooli 1972Idee luua linnas muuseum oli k\u00fcpsenud, oli kogutud materjali ja eksponaate Sillam\u00e4e linna [&hellip;]<\/p>\n","protected":false},"author":1,"featured_media":0,"parent":0,"menu_order":0,"comment_status":"closed","ping_status":"closed","template":"","meta":{"_et_pb_use_builder":"on","_et_pb_old_content":"","_et_gb_content_width":"","footnotes":""},"class_list":["post-487","page","type-page","status-publish","hentry"],"_links":{"self":[{"href":"http:\/\/popolitov.sillamae-muuseum.ee\/index.php?rest_route=\/wp\/v2\/pages\/487","targetHints":{"allow":["GET"]}}],"collection":[{"href":"http:\/\/popolitov.sillamae-muuseum.ee\/index.php?rest_route=\/wp\/v2\/pages"}],"about":[{"href":"http:\/\/popolitov.sillamae-muuseum.ee\/index.php?rest_route=\/wp\/v2\/types\/page"}],"author":[{"embeddable":true,"href":"http:\/\/popolitov.sillamae-muuseum.ee\/index.php?rest_route=\/wp\/v2\/users\/1"}],"replies":[{"embeddable":true,"href":"http:\/\/popolitov.sillamae-muuseum.ee\/index.php?rest_route=%2Fwp%2Fv2%2Fcomments&post=487"}],"version-history":[{"count":3,"href":"http:\/\/popolitov.sillamae-muuseum.ee\/index.php?rest_route=\/wp\/v2\/pages\/487\/revisions"}],"predecessor-version":[{"id":499,"href":"http:\/\/popolitov.sillamae-muuseum.ee\/index.php?rest_route=\/wp\/v2\/pages\/487\/revisions\/499"}],"wp:attachment":[{"href":"http:\/\/popolitov.sillamae-muuseum.ee\/index.php?rest_route=%2Fwp%2Fv2%2Fmedia&parent=487"}],"curies":[{"name":"wp","href":"https:\/\/api.w.org\/{rel}","templated":true}]}}