{"id":481,"date":"2021-11-05T07:57:49","date_gmt":"2021-11-05T05:57:49","guid":{"rendered":"http:\/\/popolitov.sillamae-muuseum.ee\/?page_id=481"},"modified":"2021-11-05T07:57:49","modified_gmt":"2021-11-05T05:57:49","slug":"loomingu-kronoloogia-2","status":"publish","type":"page","link":"http:\/\/popolitov.sillamae-muuseum.ee\/?page_id=481&lang=et","title":{"rendered":"Loomingu kronoloogia"},"content":{"rendered":"[et_pb_section fb_built=&#8221;1&#8243; _builder_version=&#8221;4.11.2&#8243; _module_preset=&#8221;default&#8221; global_colors_info=&#8221;{}&#8221; theme_builder_area=&#8221;post_content&#8221;][et_pb_row column_structure=&#8221;1_3,2_3&#8243; _builder_version=&#8221;4.11.2&#8243; _module_preset=&#8221;default&#8221; global_colors_info=&#8221;{}&#8221; theme_builder_area=&#8221;post_content&#8221;][et_pb_column type=&#8221;1_3&#8243; _builder_version=&#8221;4.11.2&#8243; _module_preset=&#8221;default&#8221; global_colors_info=&#8221;{}&#8221; theme_builder_area=&#8221;post_content&#8221;][et_pb_image src=&#8221;http:\/\/popolitov.sillamae-muuseum.ee\/wp-content\/uploads\/2021\/10\/39.jpg&#8221; title_text=&#8221;39&#8243; _builder_version=&#8221;4.11.2&#8243; _module_preset=&#8221;default&#8221; global_colors_info=&#8221;{}&#8221; theme_builder_area=&#8221;post_content&#8221;][\/et_pb_image][\/et_pb_column][et_pb_column type=&#8221;2_3&#8243; _builder_version=&#8221;4.11.2&#8243; _module_preset=&#8221;default&#8221; global_colors_info=&#8221;{}&#8221; theme_builder_area=&#8221;post_content&#8221;][et_pb_text _builder_version=&#8221;4.13.0&#8243; _module_preset=&#8221;default&#8221; global_colors_info=&#8221;{}&#8221; theme_builder_area=&#8221;post_content&#8221;]\n<h1 class=\"p1\"><span class=\"s1\"><b>A. Popolitovi loomingu kronoloogia<span class=\"Apple-converted-space\">\u00a0<br \/><\/span><\/b><\/span><span class=\"s1\"><b>Osalemine \u00fcld- ja isikun\u00e4itustel<\/b><\/span><\/h1>\n<p class=\"p1\"><b>1993<br \/><\/b>\u201eMinu linn on minu kodu\u201c<span class=\"Apple-converted-space\">\u00a0<\/span><\/p>\n<p class=\"p1\"><b>1997<br \/><\/b>\u201eMineraalid\u201c \u2013 isikun\u00e4itus<br \/>\u201eVanavanaema riidekirst\u201c \u2013 muuseumi kogust<br \/>\u201eAntiigipood\u201c 18.\u201320. sajandi esemed<\/p>\n<p class=\"p1\"><b>1998<br \/><\/b>\u201eAprilli t\u00f6\u00f6toad\u201c Teos \u201eLouis Amstrongi m\u00e4lestuseks\u201c<span class=\"Apple-converted-space\">\u00a0<br \/><\/span>\u201eKunstniku p\u00e4ev\u201c Narvas<br \/>J\u00f5ulun\u00e4itus muuseumis<\/p>\n<p class=\"p1\"><b>1999<br \/><\/b>\u201eAprill\u201c<span class=\"Apple-converted-space\">\u00a0<br \/><\/span>\u201eVana-V\u00ad\u00ad\u00adene kunst\u201c \u2013 18 ikooni A. P. kollektsioonist<br \/>\u201eKunstniku p\u00e4ev\u201c Narvas<br \/>J\u00f5ulun\u00e4itus muuseumis<\/p>\n<p class=\"p1\"><b>2000<br \/><\/b>\u201eAprill\u201c 6\u00a0t\u00f6\u00f6d<br \/>\u201eKunstniku p\u00e4ev\u201c Narvas<br \/>J\u00f5ulun\u00e4itus Narvas<br \/>J\u00f5ulun\u00e4itus muuseumis<\/p>\n<p class=\"p1\"><b>2001<br \/><\/b>\u201eAprill\u201c 6\u00a0t\u00f6\u00f6d<br \/>\u201eSajandi asjad\u201c &#8211; A. P. ja muuseumi kogust<\/p>\n<p class=\"p1\"><b>2002<br \/><\/b>\u201eAprill\u201c<span class=\"Apple-converted-space\">\u00a0<\/span><\/p>\n<p class=\"p1\"><b>2003<br \/><\/b>\u201eAprill\u201c<span class=\"Apple-converted-space\">\u00a0<br \/><\/span>J\u00f5ulun\u00e4itus muuseumis<\/p>\n<p class=\"p1\"><b>2004<br \/><\/b>\u201eAprill\u201c<br \/>\u201eSuvine\u201c<br \/>J\u00f5ulun\u00e4itus muuseumis<\/p>\n<p class=\"p1\"><b>2005<br \/><\/b>Muuseumi uue saali avamine \u2013 \u201eMineraalid\u201c A. P. erakogust<br \/>\u201eAprill\u201c<br \/>J\u00f5ulun\u00e4itus muuseumis<\/p>\n<p class=\"p1\"><b>2006<br \/><\/b>\u201eAprill\u201c<br \/>J\u00f5ulun\u00e4itus \u201eJ\u00f5uluvalgus\u201c muuseumis<\/p>\n<p class=\"p1\"><b>2007<br \/><\/b>Aleksandr Popolitovi \u201e\u00dcllatus\u201c. Isikun\u00e4itus<br \/>\u201eAprill\u201c<br \/>\u201eSuvine\u201c<br \/>J\u00f5ulun\u00e4itus \u201eLumiselt-u\u00ad\u00ad\u00addusulepehmed j\u00f5ulud\u201c muuseumis<\/p>\n<p class=\"p2\"><b>2010<br \/><\/b>\u201eAprill. Olivje ehk kartulisalat\u201c<\/p>\n<p class=\"p1\"><b>2011<br \/><\/b>\u201eAprill on pidu\u201c<br \/>J\u00f5ulun\u00e4itus \u201eJ\u00f5ulur\u00f5\u00f5m\u201c<\/p>\n<p class=\"p1\"><b>2012<br \/><\/b>\u201eJ\u00f5ulude lugu\u201c<\/p>\n<p class=\"p1\"><b>2014<br \/><\/b>\u201eAprill\u201c<br \/>\u201eJ\u00f5ulude hingamine\u201c<\/p>\n<p class=\"p1\"><b>2015<br \/><\/b>\u201eAprill\u201c<br \/>\u201eLooduse metamorfoosid. 7\u00a0+ 0\u201c isiklik A. P.<br \/>saali \u201eMuusikalaegas\u201c (\u041c\u0443\u00ad\u00ad\u0437\u044b\u00ad\u00ad\u00ad\u043a\u0430\u043b\u044c\u00ad\u00ad\u043d\u0430\u044f \u0448\u043a\u0430\u00ad\u00ad\u0442\u0443\u043b\u00ad\u00ad\u043a\u0430) avamine \u2013 A. P. ja muuseumi kollektsioonist.<br \/>\u201eSuvine\u201c<\/p>\n<p class=\"p1\"><b>2016<br \/><\/b>J\u00f5ulun\u00e4itus \u201eJ\u00f5ulude poeesia\u201c<br \/>N\u00e4ituse \u201eNumismaatika ja ballistika\u201c avamine \u2013 A. P. ja muuseumi kollektsioonist<\/p>\n<p class=\"p1\"><b>2017<br \/><\/b>\u201eAprill\u201c<br \/>J\u00f5ulun\u00e4itus<\/p>\n<p class=\"p1\"><b>2018<br \/><\/b>\u201eSajandi asjad\u201c &#8211; A. P. ja muuseumi kogust<br \/>\u201eAprill\u201c<br \/>J\u00f5ulun\u00e4itus<\/p>\n<p class=\"p1\"><b>2019<br \/><\/b>\u201eAprill\u201c<br \/>J\u00f5ulun\u00e4itus<\/p>\n[\/et_pb_text][\/et_pb_column][\/et_pb_row][\/et_pb_section]\n","protected":false},"excerpt":{"rendered":"<p>A. Popolitovi loomingu kronoloogia\u00a0Osalemine \u00fcld- ja isikun\u00e4itustel 1993\u201eMinu linn on minu kodu\u201c\u00a0 1997\u201eMineraalid\u201c \u2013 isikun\u00e4itus\u201eVanavanaema riidekirst\u201c \u2013 muuseumi kogust\u201eAntiigipood\u201c 18.\u201320. sajandi esemed 1998\u201eAprilli t\u00f6\u00f6toad\u201c Teos \u201eLouis Amstrongi m\u00e4lestuseks\u201c\u00a0\u201eKunstniku p\u00e4ev\u201c NarvasJ\u00f5ulun\u00e4itus muuseumis 1999\u201eAprill\u201c\u00a0\u201eVana-V\u00ad\u00ad\u00adene kunst\u201c \u2013 18 ikooni A. P. kollektsioonist\u201eKunstniku p\u00e4ev\u201c NarvasJ\u00f5ulun\u00e4itus muuseumis 2000\u201eAprill\u201c 6\u00a0t\u00f6\u00f6d\u201eKunstniku p\u00e4ev\u201c NarvasJ\u00f5ulun\u00e4itus NarvasJ\u00f5ulun\u00e4itus muuseumis 2001\u201eAprill\u201c 6\u00a0t\u00f6\u00f6d\u201eSajandi asjad\u201c &#8211; A. P. ja [&hellip;]<\/p>\n","protected":false},"author":1,"featured_media":0,"parent":0,"menu_order":0,"comment_status":"closed","ping_status":"closed","template":"","meta":{"_et_pb_use_builder":"on","_et_pb_old_content":"","_et_gb_content_width":"","footnotes":""},"class_list":["post-481","page","type-page","status-publish","hentry"],"_links":{"self":[{"href":"http:\/\/popolitov.sillamae-muuseum.ee\/index.php?rest_route=\/wp\/v2\/pages\/481","targetHints":{"allow":["GET"]}}],"collection":[{"href":"http:\/\/popolitov.sillamae-muuseum.ee\/index.php?rest_route=\/wp\/v2\/pages"}],"about":[{"href":"http:\/\/popolitov.sillamae-muuseum.ee\/index.php?rest_route=\/wp\/v2\/types\/page"}],"author":[{"embeddable":true,"href":"http:\/\/popolitov.sillamae-muuseum.ee\/index.php?rest_route=\/wp\/v2\/users\/1"}],"replies":[{"embeddable":true,"href":"http:\/\/popolitov.sillamae-muuseum.ee\/index.php?rest_route=%2Fwp%2Fv2%2Fcomments&post=481"}],"version-history":[{"count":2,"href":"http:\/\/popolitov.sillamae-muuseum.ee\/index.php?rest_route=\/wp\/v2\/pages\/481\/revisions"}],"predecessor-version":[{"id":483,"href":"http:\/\/popolitov.sillamae-muuseum.ee\/index.php?rest_route=\/wp\/v2\/pages\/481\/revisions\/483"}],"wp:attachment":[{"href":"http:\/\/popolitov.sillamae-muuseum.ee\/index.php?rest_route=%2Fwp%2Fv2%2Fmedia&parent=481"}],"curies":[{"name":"wp","href":"https:\/\/api.w.org\/{rel}","templated":true}]}}